?
-1
Evaluate 12 + (-1 - 7 - -23) + -5 + -6.
16
What is the value of -15 + (0 - -24) + -8?
1
What is -5 - ((33 - 18) + -6)?
-14
What is the value of -6 - 0 - (-5 - (-10 - 2) - 28)?
15
-11 + 8 + 5 + (-2 - 2) + -1
-3
What is the value of (-1 - -2) + (68 - 71) - 3?
-5
Calculate -7 + (6 - (-6 - 4)) + 9.
18
Evaluate (1 - 7) + -5 + 22 + (40 - 65).
-14
Calculate (-4 - (-3 - -9)) + -2.
-12
Evaluate -4 + 3 + 6 + -11 - (-3 - 1).
-2
What is (33 - (5 - 4)) + (-253 - -245)?
24
Calculate -220 + 215 + (-2 - -5) + 0.
-2
Calculate 5 + (-2 - 3) - (-15 - -2).
13
What is 11 - (52 + -29 + 7)?
-19
28 + -34 + (12 - 2)
4
Evaluate (-303 - -329) + (-13 - 0).
13
Calculate -15 + (-6 - -16 - -14) - 2.
7
Calculate 14 + 3 + -4 + (-3 - -3) + -3.
10
Calculate (-73 + 38 - -25) + 47 + 1 + -4.
34
What is the value of -263 + 268 - (4 + -19 + -4)?
24
What is the value of 12 - (-6 + (0 - -18))?
0
What is the value of -7 + (-16 - (-36 + 9))?
4
Calculate -2 - ((12 - 14) + -4 + 3).
1
Evaluate (-4 + 6 + -12 - (-6 + -3)) + -20.
-21
Calculate 1 + -4 + -10 + (3 + -2 - -15).
3
Calculate (8 - 4) + -3 + (8 + -13 - -2).
-2
What is the value of (11 - 21) + 8 + -2?
-4
(-3 + 4 - 13) + 16 + -1 + -23
-20
What is -6 + (-12 + -13 - 1) - (6 + -16)?
-22
Evaluate 5 + -5 + (2 - -2) - 7 - -3.
0
What is -6 - (-15 + 9 + -1 - 16)?
17
Evaluate (-32 - -42) + -34 + 6.
-18
Calculate (-7 + 13 + -13 - 1) + 6 + -4.
-6
Calculate (2 + 2 - 5) + (32 - 21).
10
What is -3 - -10 - -7 - 10?
4
What is the value of -1 + -9 - (-62 + 55)?
-3
(-5 - (-14 + 10)) + 0 + 7
6
Calculate -6 - (5 - (-7 + 8 - -6)).
-4
What is 11 + (17 + -10 - 24) + -11?
-17
Evaluate 9 + (31 + -37 - -16 - (-1 - -7)).
13
Evaluate -4 + 4 + 2 + 55 + -47.
10
Calculate 67 - 63 - (4 + 11 + -2).
-9
What is the value of 9 + 6 + -15 + 15?
15
What is the value of 10 + (3 - 0) + -20 + 15?
8
Evaluate 4 + -7 + -6 - (66 - 27 - 23).
-25
Calculate 1 + -2 + 2 + (20 - 7) + -11.
3
Calculate 15 - (10 + -28 + 24).
9
Evaluate (244 - 251) + (-4 - 2) + 1 + -2.
-14
Evaluate (16 - (-2 - -14)) + 3 + -22.
-15
Evaluate 9 - ((-4 - (2 - 7)) + 38 + -33).
3
What is 0 + -19 + (-13 - -35 - 12)?
-9
Evaluate -3 + 12 + -4 + -11 + 6 + 7.
7
22 - 4 - ((-7 - -26) + -19)
18
3 - -2 - (-1010 - -1000)
15
Evaluate 0 + -17 + 0 + 8 - 1.
-10
What is -5 + 7 + -4 - 1 - -15?
12
-7 + (-4 - (-19 - 0 - -8)) - 8
-8
What is the value of -1 + (11 - (3 - 1 - 9)) - 4?
13
Evaluate -11 + 8 + 7 + 0 + -14.
-10
What is the value of -45 - ((-22 - -42) + -32)?
-33
What is the value of (-32 - (14 + -83)) + -4?
33
What is -5 + 1 - (28 + -42)?
10
(1 - (15 - 18)) + (1 - 14)
-9
Calculate -10 - 2 - (-17 - -7) - -7.
5
What is the value of 0 + -5 + -5 + 10 + 6?
6
What is (-23 - -14) + 15 + (-11 - (0 + -2))?
-3
7 - (6 + 13 + 3 + -5)
-10
-18 + 22 + 15 - 6
13
What is the value of (1 - -12) + -3 + 89 + -90?
9
What is 4 + -9 - -6 - 15 - (5 + 0)?
-19
Calculate 19 - (-19 + 14 + 4).
20
23 + -8 + 11 - 27
-1
What is the value of 1 - (-10 + (8 - (-7 + 6)))?
2
Evaluate 0 - -12 - 3 - 15.
-6
(215 - 205) + (-13 - -1)
-2
9 - (-1 + -5 - (10 + -18)) - -18
25
What is the value of (-6 - (-11 - -27) - -12) + 8?
-2
Evaluate 3 - (-1 - -8) - 0.
-4
-9 + 14 + -7 + -4 - (18 + 0)
-24
What is 13 - 4 - (48 - (-11 + 15))?
-35
Evaluate 8 + 8 + -46 - -23.
-7
(-4 - -48) + (-16 - 10)
18
What is the value of (-2 - 0) + -9 - (1 + (0 - 1))?
-11
What is the value of -4 - (-3 + (-14 - -4) + 8)?
1
What is the value of 11 - (47 - (26 - -5))?
-5
What is -3 - (-11 + (33 - (-2 - -3)))?
-24
Calculate 8 + (-9 - 1) + -4.
-6
What is 9 + 64 + -74 + (-2 - 1)?
-4
What is the value of -8 - -2 - (-38 - -38 - (2 + -5))?
-9
What is -3 + (-26 - -27) + (2 - -9)?
9
Calculate -11 - ((31 - 0) + -34).
-8
Calculate -132 + 119 - (0 + -9) - 7.
-11
Calculate (-3 - -2) + (-3 - 7) - -18.
7
Evaluate -6 + 8 + 4 - (-14 + 0).
20
-9 - (0 + 10 + -9)
-10
What is the value of -5 + 37 - (-130 - -141)?
21
What is the value of 22 - (-14 - (-17 + (13 - 11)))?
21
Calculate 25 - ((14 - 6) + -10 + 1 - -1).
25
What is -12 - (-20 + 25 + 4)?
-21
-6 - (-9 + -7 - (-13 + 4))
1
What is the value of -2 + 4 - 2 - (32 - (-6 + 47))?
9
Calculate 9 + -3 + 1 + 104 + -106.
5
Calculate -36 + (38 - 16 - 4).
-18
What is -1 + 11 - (39 + -67 - -35)?
3
What is the value of -9 + (5 - 10) + 4 + -4?
-14
What is the value of 3 + (-27 + 38 - -11)?
25
What is the value of (1 + -3 - (11 + -7)) + 15?
9
What is -2 + -3 - -4 - (-3 + 1)?
1
What is -2223 - -2226 - ((0 - -19) + 1 + -1)?
-16
Evaluate -21 + -1 - (-3 - -7 - (-16 + 24)).
-18
(-23 - (-9 - -1)) + 20
5
What is the value of -1 + (5 + -13 - -2) + 9?
2
-8 - 0 - (0 + 19)
-27
What is (0 - 0) + -9 + -5 - (-71 + 65)?
-8
1 - (3 + -23) - (611 + -619)
29
Evaluate 36 - -5 - (-141 - -153).
29
What is the value of -8 - ((1 - 1) + -7 - -6 - -4)?
-11
14 + -16 + -11 - -20
7
What is the value of 2 - (6 + -19) - (-10 + 34)?
-9
(-1 - (4 + 1)) + 7 - 1 - -6
6
Calculate 2 + (-8 - (8 + -3) - (-1 + 4)).
-14
What is the value of (19 + -28 - 31) + 74?
34
(-26 - -18) + (-4 - -18)
6
What is (-1232 - -1225) + (1 - 14)?
-20
Evaluate 8 + (-30 - -19 - -10).
7
What is the value of (5 - (2 - 1)) + (1 - 2)?
3
Evaluate -4 + -2 + 20 + -17 - -15.
12
Calculate -1 + -3 + -2 + 2 + (-87 - -70).
-21
Calculate (-6 + 2 - -18) + -24.
-10
Evaluate -1 + (0 - 7) + 7 + -2 + -1.
-4
What is (-11 + 2 + -5 - -29) + 2?
17
What is 2 - (-12 + 29) - (-4 - 0)?
-11
What is -1 - ((1 - -1) + 0 - (23 + 2))?
22
60 + -8 + -13 - 31
8
What is the value of -12 + 0 - (12 - 46 - -3)?
19
(-186 - -180) + -3 + 2 + 8 + 0
1
What is the value of (-10 + -1 - -32) + 6 + (-3 - 6)?
18
-1 + -4 - (15 - 1 - 23)
4
What is the value of 1 - 0 - (1 + (5 + 4 - 9))?
0
What is -11 + -1 - -12 - -3 - 14?
-11
What is -18 - (10 + -29 + -2)?
3
Evaluate 3 - -6 - 1 - (-32 + 32).
8
(925 - 924) + (0 - -20)
21
Calculate (10 + -45 - -15) + 33.
13
Calculate (-1 - 0) + (1 - 8 - -20).
12
What is the value of (19 + -11 + -11 - (1 - -8)) + -6?
-18
Evaluate (-12 - 30) + 109 - 40.
27
2 + 0 - (6 - (2 + -5 + 5))
-2
What is (23 - -5) + -54 + 6?
-20
Evaluate (6 - 6) + -5 - (2 - 11) - -8.
12
What is the value of 624 + -610 - (0 - -3 - -22)?
-11
Evaluate -15 + (15 - -8) + (-7 - 0) + -8.
-7
What is the value of 8 + 1 + (-17 + 10 - -4)?
6
What is -34 + (8 - -35 - 5)?
4
15 + -13 - -24 - (2 + 5)
19
What is the value of 42 + -53 - (-2 - 16) - 16?
-9
What is 24 - (5 + -11 + 6 + 0)?
24
17 + -11 + (-51 - -56 - (1 - 2))
12
(10 - -7) + -1 + -4 + 13
25
25 + (-24 - -4) - (1 - -13 - 2)
-7
Calculate 1157 + -1136 + (1 - (0 - 5)).
27
What is the value of -2 + -18 + 36 - 24?
-8
What is -3 - -40 - (16 + 9)?
12
Calculate 4 + 4 + -5 + 7 - 2.
8
(7 + 7 + -7 - 4) + (-8 - 4)
-9
What is 13 - (6 + -12 + 11 + 0)?
8
Calculate 0 + -23 + 76 + -63.
-10
Calculate (12 - (4 - 4) - 1) + 6.
17
What is 1 - ((-9 - -5) + 9)?
-4
What is the value of -89 + 88 + 0 + (0 - -2) + -1?
0
What is the value of (38 - 0) + (-26 - -98 - 82)?
28
What is (14 - 2) + (-15 + -7 + 5 - -8)?
3
What is 136 + -155 - (1 - 25)?
5
Calculate (-4 - -15 - 13) + 9.
7
Evaluate (59 - 0) + (174 - 209).
24
What is -12 + (-15 + 26 + -13 - (-1 - 1))?
-12
What is the value of -7 + 4 + -6 + -5 + 38 + -1?
23
Evaluate -4 + (-3 - -11) + 13.
17
What is the value of (-20 - -13) + 1 - -7?
1
2 + (-6 - 38 - -14) + (1 - -2)
-25
What is (0 - -5) + -3 + 1 + (4 - 2)?
5
Evaluate -13 + (-4 - -1) + 8 - 10.
-18
What is the value of (10 - 3) + (-21 - 1)?
-15
What is the value of -35 + (20 - -15) + -21?
-21
What is 350 - 385 - (-3 + -14)?
-18
What is the value of 7 + 12 - (9 + 1)?
9
1 + (6 - 2) + 1
6
22 + 9 - (-7 - -21)
17
What is -9 - (-9 + (3 - -3)) - (-58 + 35)?
17
Calculate (-8 - 10) + (0 - -13).
-5
1 + -1 - (1380 + -1372)
-8
-9 - -2 - (-25 + -10)
28
Calculate 32 - (-19 - -18) - 49.
-16
What is -28 - (-32 - 7) - 25?
-14
-8 + (0 - -25) + (4 - 5)
16
Calculate 3 + 25 + -22 + -15.
-9
Calculate 4 + (3 - 6 - -8) + -14.
-5
4 + -4 + 6 + (-7 - -10) + -9
0
What is the value of (-10 - -2) + (40 + -12 - 17)?
3
What is the value of (-65 - -20) + 17 - -9?
-19
What is -23 - -40 - -26 - 18?
25
What is the value of (22 - 20) + -22 + 6?
-14
Calculate 22 + -3 + -2 - 27.
-10
Evaluate (3 - (3 - -4)) + (1 - -2) + 14.
13
What is the value of 10 + (-11 - (-1 + -2)) - 6?
-4
Calculate 9 + -52 + 49 + (1 - -7).
14
What is the value of -279 + 269 + -2 + 14 + 1 - -5?
8
Evaluate -15 - -52 - (32 - 20).
25
12 + 